*f, -f + 0 = -2*p + 2. Suppose -4*z = 2*m - 206, 3*z - 106 = -3*m + p*m. Is m prime?
True
Suppose 0 = -0*t + 3*t - 753. Is t prime?
True
Let s(f) = -2*f**3 + f + 4. Let z be s(-3). Suppose -z = 5*t - 530. Suppose t = l + 4*l. Is l composite?
False
Suppose -4*c + 711 = -3*s, -2*s - 532 = 3*c - 6*c. Suppose 4*z - 31 = -2*u + 267, -4*u - c = -2*z. Is z composite?
True
Let p(r) = r**3 + 13*r**2 + 16*r + 11. Is p(-11) a prime number?
False
Is ((-9)/(-27))/(1/(-1257)*-1) prime?
True
Is (1 - (-6)/(-4))*-92 a composite number?
True
Let z = 33 - 158. Let d = z - -214. Is d composite?
False
Let i = 4 + -1. Suppose -119 = -i*a - 5*h, 0*h + 217 = 5*a - h. Is a composite?
False
Suppose 2*v = -2, 4*r + 7*v = 3*v + 640. Is r a composite number?
True
Let i = 5 + -10. Let x(o) = o + 7. Let j be x(i). Suppose 4*s + j*g = 218, 2*g + 309 - 50 = 5*s. Is s composite?
False
Suppose 2*j - 2*b = 4, -4*j + j - 2*b + 1 = 0. Suppose 2*r + j = 23. Is r a composite number?
False
Let f = -2 + 9. Is 243/f - 2/(-7) prime?
False
Suppose -34 + 4 = -i. Let z be (-2)/(-10) - (-54)/i. Suppose 5*y + 5*m = 20, -y = -z*y + 3*m + 12. Is y a prime number?
False
Suppose 0 = -3*m - 3, -2*q + 2*m + 103 + 111 = 0. Let b(n) = n**3 - 2*n**2 + 2*n - 2. Let j be b(2). Suppose j*k - 4*k = -q. Is k prime?
True
Suppose 1122 = 6*t - 0*t. Is t a composite number?
True
Let k be 2 + (-1 - -2 - 26). Let i be 2 - (-2 - -2) - k. Suppose -4*n - 2*f + i = -9, 0 = -5*n - f + 35. Is n composite?
True
Let q(x) = -2*x**2 + 12*x + 5. Let k be q(11). Let o = k + 196. Is o prime?
False
Is 2/(-4 - -2) - (7 + -2341) a composite number?
False
Suppose -3*m + 438 = -372. Suppose -m = -3*q - 813. Let b = q + 416. Is b a composite number?
True
Is -39*(-4 + 44/12) composite?
False
Suppose -8*q = -9*q + 2. Suppose -2*o - 2*t = -1378, q*o - 4*o = t - 1378. Is o a composite number?
True
Let n = -2587 - -4352. Is n a composite number?
True
Let g = 926 + -480. Is g a composite number?
True
Let c(z) be the third derivative of z**6/30 - z**5/20 - z**4/6 - z**3/6 + z**2. Is c(4) prime?
True
Suppose 4*t = 3*a - 0*a - 23, -t + 18 = 4*a. Suppose 2 = a*q + 4*z - 33, 0 = -4*z + 20. Let h(u) = 8*u**2 - 3*u + 4. Is h(q) prime?
True
Let i(p) = -p**2 + 7*p - 4. Let q be i(7). Let g(v) = -19*v + 3. Is g(q) a composite number?
False
Let f = -126 - -181. Is f composite?
True
Let t(o) = 77*o**2 + 6*o - 10. Is t(3) composite?
False
Suppose -c = -22 - 29. Suppose y = 2*l + 24 + 2, 0 = 2*y - 5*l - c. Suppose y = -0*n + 4*n. Is n a composite number?
False
Let w(f) = 24*f**2 - 22*f - 36. Is w(13) prime?
False
Let z(d) = 114*d**3 - d**2 - d + 1. Let w be z(1). Let p = 304 - w. Is p a composite number?
False
Suppose 2*x = -x + 372. Suppose 3*w - x = w + 4*r, -4*w - 3*r = -292. Suppose -w = -z - z. Is z a prime number?
False
Let q(k) = -k**3 + 2*k**2 + 3*k + 4. Let w be q(3). Suppose -3*a + 2*o = o - 10, -w*a = -o - 13. Is a a composite number?
False
Let r(f) = 2*f**2 - 1 + 0*f**2 + 3*f**2 - 3*f. Let a = 2 - 5. Is r(a) a prime number?
True
Let g = -198 + 312. Suppose p = 121 + g. Is p composite?
True
Let r = 10 + -5. Suppose 192 = 3*x + 2*c - 0*c, r*c = 2*x - 128. Let b = x - 45. Is b a prime number?
True
Suppose -h + 0*h - 20 = 0. Let x = 12 + h. Let u = x - -15. Is u a prime number?
True
Let k(r) = 2*r + 166. Is k(0) a prime number?
False
Let r(f) = f**3 + 13*f**2 + 16*f + 16. Let m be r(-12). Let v = -151 + 104. Let h = m - v. Is h a prime number?
False
Let c(n) = -3*n + 3. Let q(l) = l**2 + 4*l - 4. Let y(s) = 6*c(s) + 5*q(s). Let f be y(5). Suppose 4*j + i - f = 4*i, 0 = 3*j + 5*i - 136. Is j composite?
False
Let o(g) = -g**2 - 10*g - 1. Let w be -2 + -4 - (1 + 1). Is o(w) a composite number?
True
Let u = 515 + -269. Suppose 339 = 3*g - u. Suppose 0 = 3*s - 8*s + g. Is s composite?
True
Let y(z) = 3*z**3 + 10*z**2 + 10*z + 22. Is y(9) composite?
False
Let w = -60 + 89. Let m(g) = g**3 + 12*g**2 + 3*g - 21. Let r be m(-11). Let s = r - w. Is s a composite number?
True
Suppose -27*c = -24*c - 3651. Is c composite?
False
Suppose 8 = 2*l + 2*l. Suppose 4*y - 38 = l*y. Is y a prime number?
True
Suppose -3*w = -5*d + 3380, 4*w + 2039 = -11*d + 14*d. Is d a prime number?
True
Let b = 3 - -2. Suppose b*p - 329 = -134. Is p prime?
False
Let a = 320 + -132. Suppose -2*g - a = 2*u - 4*u, -91 = -u + 2*g. Is u a prime number?
True
Let d be (-5)/(-35) - 1/7. Suppose 1 = -p + 2*u, d = -5*p + 5*u + 14 + 1. Is p prime?
True
Suppose -4*j + 565 = -683. Suppose 3*t + 222 + j = 0. Let l = t - -267. Is l composite?
False
Suppose 4*m - x = 24030, m - 5*x - 2552 - 3465 = 0. Is m a composite number?
False
Suppose -r = 445 - 1412. Is r prime?
True
Suppose -2*j = 3*f - 97, 4*j + 4 + 0 = 0. Is f composite?
True
Let i = 2258 + -1263. Is i a prime number?
False
Let v be 23 + (0 - (-3)/1). Let h = -16 - 0. Let z = v + h. Is z a prime number?
False
Let z be (-6)/(-21) + 2/(-7). Let p be -6 - 4/(2 - z). Is 4/p - 159/(-2) a composite number?
False
Let y = 6 + 247. Is y composite?
True
Let o be (-1)/((-2)/(-346)) + 0. Let p = 51 - o. Let c = p - 113. Is c a composite number?
True
Let x(l) = -14*l**3 + 2*l**2 - 3*l + 4. Is x(-3) composite?
False
Suppose 2*v + 30 = -3*v. Let j = v - -2. Is (-1 + -29)*j/8 prime?
False
Let u(h) = -271*h + 29. Is u(-18) prime?
False
Suppose 2*x + 24 = 4*h, 4*h - 14 = -7*x + 4*x. Suppose 0*n - n + 5*y + 153 = 0, -2*n - h*y = -246. Is n prime?
False
Suppose 3*i = -2*a - 56, 4*i - 5*i - 127 = 5*a. Let y = a + 11. Is 135/7 - (-4)/y prime?
True
Let j = 5 + 0. Suppose -j*i = d + 6 - 18, -3*i = -3*d + 72. Is d a composite number?
True
Suppose 0 = 5*w - 10, 3*r - 2 = -w - 0. Is (r - -7)/((-1)/(-7)) prime?
False
Let n(q) = -53*q + 6. Let o(k) = 106*k - 13. Let v(d) = 9*n(d) + 4*o(d). Suppose -3*t - 2 = 7. Is v(t) a prime number?
False
Let w be 0*(2 - (-15)/(-6)). Suppose w = -4*f - f. Suppose f = -x + 19 + 2. Is x a composite number?
True
Let q = -34 - -129. Is q composite?
True
Let o = 32 + -13. Is o a composite number?
False
Let u(s) = -2*s + 3 + 0 + 0. Let r be -7 - -4 - (1 + 5). Is u(r) a prime number?
False
Let a(l) = -9*l + 1. Let c(x) = -x. Let k(g) = a(g) - 4*c(g). Let w(q) = -q**3 - q**2 - 4. Let o be w(0). Is k(o) composite?
True
Let a(q) = -9*q + 8. Let h(d) = d + 4. Let x be h(-11). Is a(x) prime?
True
Is 29235/(-10)*4/(-6) a composite number?
False
Let k(d) = -6*d**3 - d**2 + 6*d + 12. Is k(-5) a composite number?
True
Suppose 0 = -5*f + 6*f + z - 125, -f + 4*z + 105 = 0. Is f prime?
False
Let o = -97 - -432. Is o a composite number?
True
Suppose 2*c - 3*i - 3076 = 0, 2*c - 1485 = 2*i + 1589. Is c composite?
True
Let s = -1 + 6. Suppose 5*f = s*b - 245, 4*f + 0*f + 193 = b. Let p = f + 127. Is p a prime number?
True
Let s(v) = -v**2 - 4*v - 2. Let w(d) = -d**2 - 8*d - 5. Let t(p) = -7*s(p) + 3*w(p). Is t(-4) a composite number?
False
Let o(j) = j**2 - 7*j - 8. Let v be o(8). Suppose 5*c - 14 - 16 = 2*d, -3*d = 5*c - 30. Suppose -2*n = 2*n - 5*m - 107, -2*m - c = v. Is n a prime number?
True
Suppose 0 = -6*i + 2*i - 736. Suppose -j = j + 190. Let o = j - i. Is o prime?
True
Suppose -3*o + 3581 = -3*x - 1336, 0 = 5*x + 10. Is o composite?
False
Is 3 + 3*80/12 prime?
True
Suppose 638 = z + z. Is z a prime number?
False
Let u = -22 - -16. Is ((-154)/u)/((-5)/(-15)) a prime number?
False
Let z = -1 - -14. Is z prime?
True
Suppose 2*m - 12 = -2*d, -4*m + 2*m = 5*d - 18. Let s(q) = -6 - q**2 + d*q**2 - 2 + 3 - 7*q. Is s(9) a composite number?
False
Let l(x) = 1829*x + 9. Is l(1) prime?
False
Suppose n - 1648 = -5*s, 4*n - 2*n = -4. Let u = s - 191. Is u prime?
True
Suppose -2*w - 4*k + 610 = 0, -4*w + k + 136 = -1093. Is w composite?
False
Suppose -p - 387 = -c + 3*p, 0 = 2*c + 5*p - 839. Is c a composite number?
True
Let h be (-2)/(-8) + (-47)/(-4). Let r be (-2)/h - 244/(-24). Suppose r*x + 15 = 5*x, 2*p + 3*x - 17 = 0. Is p a composite number?
False
Let u(p) = 2*p**2 + 1. Let r be 7/(-2) + 6/12. Let a = r + 6. Is u(a) prime?
True
Let i(j) = 21*j**2 - j + 1. Suppose 2*w + 0*r = r + 3, 2*r - 2 = -4*w. Let d be i(w). Is d/1 + (1 - 1) composite?
True
Suppose -4*y - 12 + 0 = 0. Suppose -3*a + 0*a + 21 = 0. Is a + 2 - (-9)/y a prime number?
False
Suppose -728 = -4*h + 2*h. Suppose h = -4*k + 8*k. Is k a composite number?
True
Suppose 57 - 76 = -o. Is